{"id":256,"date":"2025-07-22T23:42:49","date_gmt":"2025-07-22T20:42:49","guid":{"rendered":"https:\/\/www.mersintemizlik.com.tr\/?page_id=256"},"modified":"2026-03-21T12:21:55","modified_gmt":"2026-03-21T09:21:55","slug":"ev-genel-temizligi","status":"publish","type":"page","link":"https:\/\/www.mersintemizlik.com.tr\/?page_id=256","title":{"rendered":"Ev Genel Temizli\u011fi"},"content":{"rendered":"\n<p>Mersinde Daire Temizli\u011finde Tecr\u00fcbe Konusunda Hizmet te S\u0131n\u0131r Tan\u0131m\u0131yan Mersin Temizlik Hizmete Ayr\u0131mcal\u0131k Yapmayan Firmalar Aras\u0131nda Liderligini Koruyan T\u00fcm Akdenzde Temizlik Konusunda Siz Deyerli M\u00fc\u015fterilerimize Hizmet Vermekten Gurur Duymaktay\u0131z E\u015fyal\u0131 Ev Temizli\u011finde Titizlik Ve Hijyen \u0130steyen Me\u015fakali Hizmettir Temizlikte \u00d6ncelikle Hal\u0131lar Elektirli S\u00fcp\u00fcrgeyle G\u00fczel \u00c7ekilir Toplan\u0131r Zemin Temizli\u011fi Bitiminde Geri Serilir Camlar da Varsa Sineklikler S\u00f6k\u00fcl\u00fcp Temiz Y\u0131kan\u0131l\u0131p Cam Silimi Bitiminde Geri Monte Edilir Pervaz \u0130\u00e7leri Muhakak Temizlenmesi Gerekiyor Banyo ve Du\u015fakabini Tabi Varsa Ebebegin Banyosu Bakteriler Olu\u015fmaktad\u0131r Bunun \u0130\u00e7in Mersin Temizli\u011fin \u00d6zel \u00dcretim Olan End\u00fcst\u00fcriyel Korumal\u0131 Olan Maddelerle Temiz ve P\u0131r\u0131l P\u0131r\u0131l Yapmaktay\u0131z Anla\u015fmaya G\u00f6re Dolap \u0130\u00e7leri Veya Dolap D\u0131\u015f Y\u00fczeyleri Koltuk Veya \u00c7ekyat Y\u0131kama Kap\u0131 Pervazlar\u0131 Altlar\u0131 \u00dcstleri Balkonlarda Zemin Varsa Banbular Yerinde Y\u0131kan\u0131l\u0131r Baz\u0131 Dairele de Saks\u0131 T\u00fcr\u00fc \u00c7i\u00e7ekler Oluyor Varsa Suyu Tamamlan\u0131r Korkuluklar Varsa Katlan\u0131r Balkon Camlar\u0131 Avizeler Prizler Odalar\u0131n Parke Mutfak Dolaplar\u0131 Vestiyer Vitrinler Komidinler Perdeler Gidilen Temizlikte Daire Sahibinden Rica Edilir \u00c7ama\u015f\u0131r Makinesinde Y\u0131kan\u0131l\u0131r Varsa Stor Perdesi Ekstra \u00dccrete Tabi Sok\u00fcl\u00fcp Y\u0131kan\u0131p Geri Monte Edilir D\u0131\u015f Kap\u0131 ve Oda Kap\u0131lar\u0131n Kulplar\u0131 Dahil Temizli\u011fi \u00c7ocuk Odas\u0131nda Genel de Oyuncak T\u00fcrler Oluyor Sepete Dizilip Geri Yerle\u015febilir Islak Zemin Olamasa Olamaz Olan Y\u0131kan\u0131p Makineyle Suyu \u00c7ekilir Firmam\u0131z da Son Teknoloji Ekipmalarla Sizlere Hizmet Vermekten K\u0131van\u00e7 duyar\u0131z Mersin de \u00d6nc\u00fc Bir Firma Olmaktan Her Zaman Gurur Duyar\u0131z Sizlere Daha \u0130yi Bir Hizmet Kalitesi Vermek \u0130\u00e7in Bizleri Takip Edebilirsiniz www.mersintemizlik.com.tr Sizlere Bir Telefon Kadar Yak\u0131n\u0131z Bunun \u0130\u00e7in 0532 427 92 26 \u0130le Bizimle \u0130leti\u015fime Ge\u00e7ebilirsiniz info@mersintemizlik.com.tr Mail Adresimiz Tecr\u00fcbeli Ekibimizle Y\u0131llar\u0131n Deneyimiyle Her T\u00fcrl\u00fc Temizlik \u0130\u015finde Liderli\u011fini Korumaktay\u0131z Bizleri Sosyal Medyadan Takip Edebilirsiniz<\/p>\n\n\n\n<figure class=\"wp-block-gallery has-nested-images columns-default is-cropped wp-block-gallery-1 is-layout-flex wp-block-gallery-is-layout-flex\"><\/figure>\n\n\n\n<p>Hizmete S\u0131n\u0131r Yan\u0131m\u0131yan Mersinde Ve T\u00fcm \u0130l\u00e7elerinde <\/p>\n","protected":false},"excerpt":{"rendered":"<p>Mersinde Daire Temizli\u011finde Tecr\u00fcbe Konusunda Hizmet te S\u0131n\u0131r Tan\u0131m\u0131yan Mersin Temizlik Hizmete Ayr\u0131mcal\u0131k Yapmayan Firmalar Aras\u0131nda Liderligini Koruyan T\u00fcm Akdenzde Temizlik Konusunda Siz Deyerli M\u00fc\u015fterilerimize Hizmet Vermekten Gurur Duymaktay\u0131z E\u015fyal\u0131 Ev Temizli\u011finde Titizlik Ve Hijyen \u0130steyen Me\u015fakali Hizmettir Temizlikte \u00d6ncelikle Hal\u0131lar Elektirli S\u00fcp\u00fcrgeyle G\u00fczel \u00c7ekilir Toplan\u0131r Zemin Temizli\u011fi Bitiminde Geri Serilir Camlar da Varsa Sineklikler&#8230;<\/p>\n","protected":false},"author":1,"featured_media":0,"parent":0,"menu_order":0,"comment_status":"closed","ping_status":"closed","template":"","meta":{"_kad_post_transparent":"","_kad_post_title":"","_kad_post_layout":"","_kad_post_sidebar_id":"","_kad_post_content_style":"","_kad_post_vertical_padding":"","_kad_post_feature":"","_kad_post_feature_position":"","_kad_post_header":false,"_kad_post_footer":false,"_kad_post_classname":"","footnotes":""},"class_list":["post-256","page","type-page","status-publish","hentry"],"yoast_head":"<!-- This site is optimized with the Yoast SEO plugin v27.5 - https:\/\/yoast.com\/product\/yoast-seo-wordpress\/ -->\n<title>Ev Genel Temizli\u011fi - Mersin Temizlik \u015eirketleri<\/title>\n<meta name=\"description\" content=\"Mersin Ev Genel Temizli\u011fi E\u015fyal\u0131 Daire Koltuk \u00c7ekyat Yatak Y\u0131kama Kaliteli Hizmet \u0130\u015f Yeri Cam Silme D\u0131\u015f Cephe\" \/>\n<meta name=\"robots\" content=\"index, follow, max-snippet:-1, max-image-preview:large, max-video-preview:-1\" \/>\n<link rel=\"canonical\" href=\"https:\/\/www.mersintemizlik.com.tr\/?page_id=256\" \/>\n<meta property=\"og:locale\" content=\"tr_TR\" \/>\n<meta property=\"og:type\" content=\"article\" \/>\n<meta property=\"og:title\" content=\"Ev Genel Temizli\u011fi - Mersin Temizlik \u015eirketleri\" \/>\n<meta property=\"og:description\" content=\"Mersin Ev Genel Temizli\u011fi E\u015fyal\u0131 Daire Koltuk \u00c7ekyat Yatak Y\u0131kama Kaliteli Hizmet \u0130\u015f Yeri Cam Silme D\u0131\u015f Cephe\" \/>\n<meta property=\"og:url\" content=\"https:\/\/www.mersintemizlik.com.tr\/?page_id=256\" \/>\n<meta property=\"og:site_name\" content=\"Mersin Temizlik \u015eirketleri\" \/>\n<meta property=\"article:publisher\" content=\"https:\/\/www.facebook.com\/MersinTemizlik\/?locale=tr_TR\" \/>\n<meta property=\"article:modified_time\" content=\"2026-03-21T09:21:55+00:00\" \/>\n<meta property=\"og:image\" content=\"https:\/\/www.mersintemizlik.com.tr\/wp-content\/uploads\/2025\/05\/IMG_2270.png\" \/>\n\t<meta property=\"og:image:width\" content=\"750\" \/>\n\t<meta property=\"og:image:height\" content=\"1624\" \/>\n\t<meta property=\"og:image:type\" content=\"image\/png\" \/>\n<meta name=\"twitter:card\" content=\"summary_large_image\" \/>\n<meta name=\"twitter:label1\" content=\"Tahmini okuma s\u00fcresi\" \/>\n\t<meta name=\"twitter:data1\" content=\"2 dakika\" \/>\n<script type=\"application\/ld+json\" class=\"yoast-schema-graph\">{\"@context\":\"https:\\\/\\\/schema.org\",\"@graph\":[{\"@type\":\"WebPage\",\"@id\":\"https:\\\/\\\/www.mersintemizlik.com.tr\\\/?page_id=256\",\"url\":\"https:\\\/\\\/www.mersintemizlik.com.tr\\\/?page_id=256\",\"name\":\"Ev Genel Temizli\u011fi - Mersin Temizlik \u015eirketleri\",\"isPartOf\":{\"@id\":\"https:\\\/\\\/www.mersintemizlik.com.tr\\\/#website\"},\"datePublished\":\"2025-07-22T20:42:49+00:00\",\"dateModified\":\"2026-03-21T09:21:55+00:00\",\"description\":\"Mersin Ev Genel Temizli\u011fi E\u015fyal\u0131 Daire Koltuk \u00c7ekyat Yatak Y\u0131kama Kaliteli Hizmet \u0130\u015f Yeri Cam Silme D\u0131\u015f Cephe\",\"breadcrumb\":{\"@id\":\"https:\\\/\\\/www.mersintemizlik.com.tr\\\/?page_id=256#breadcrumb\"},\"inLanguage\":\"tr\",\"potentialAction\":[{\"@type\":\"ReadAction\",\"target\":[\"https:\\\/\\\/www.mersintemizlik.com.tr\\\/?page_id=256\"]}]},{\"@type\":\"BreadcrumbList\",\"@id\":\"https:\\\/\\\/www.mersintemizlik.com.tr\\\/?page_id=256#breadcrumb\",\"itemListElement\":[{\"@type\":\"ListItem\",\"position\":1,\"name\":\"Anasayfa\",\"item\":\"https:\\\/\\\/www.mersintemizlik.com.tr\\\/\"},{\"@type\":\"ListItem\",\"position\":2,\"name\":\"Ev Genel Temizli\u011fi\"}]},{\"@type\":\"WebSite\",\"@id\":\"https:\\\/\\\/www.mersintemizlik.com.tr\\\/#website\",\"url\":\"https:\\\/\\\/www.mersintemizlik.com.tr\\\/\",\"name\":\"Mersin Temizlik \u015eirketleri\",\"description\":\"Mersin Temizlik \u015eirketleri temizlik Uygun Fiyat Kaliteli Hizmet 0532 427 92 26\",\"publisher\":{\"@id\":\"https:\\\/\\\/www.mersintemizlik.com.tr\\\/#organization\"},\"potentialAction\":[{\"@type\":\"SearchAction\",\"target\":{\"@type\":\"EntryPoint\",\"urlTemplate\":\"https:\\\/\\\/www.mersintemizlik.com.tr\\\/?s={search_term_string}\"},\"query-input\":{\"@type\":\"PropertyValueSpecification\",\"valueRequired\":true,\"valueName\":\"search_term_string\"}}],\"inLanguage\":\"tr\"},{\"@type\":\"Organization\",\"@id\":\"https:\\\/\\\/www.mersintemizlik.com.tr\\\/#organization\",\"name\":\"Mersin Temizlik \u015eirketleri\",\"url\":\"https:\\\/\\\/www.mersintemizlik.com.tr\\\/\",\"logo\":{\"@type\":\"ImageObject\",\"inLanguage\":\"tr\",\"@id\":\"https:\\\/\\\/www.mersintemizlik.com.tr\\\/#\\\/schema\\\/logo\\\/image\\\/\",\"url\":\"https:\\\/\\\/www.mersintemizlik.com.tr\\\/wp-content\\\/uploads\\\/2025\\\/05\\\/cropped-IMG_2270.png\",\"contentUrl\":\"https:\\\/\\\/www.mersintemizlik.com.tr\\\/wp-content\\\/uploads\\\/2025\\\/05\\\/cropped-IMG_2270.png\",\"width\":749,\"height\":419,\"caption\":\"Mersin Temizlik \u015eirketleri\"},\"image\":{\"@id\":\"https:\\\/\\\/www.mersintemizlik.com.tr\\\/#\\\/schema\\\/logo\\\/image\\\/\"},\"sameAs\":[\"https:\\\/\\\/www.facebook.com\\\/MersinTemizlik\\\/?locale=tr_TR\"]}]}<\/script>\n<!-- \/ Yoast SEO plugin. -->","yoast_head_json":{"title":"Ev Genel Temizli\u011fi - Mersin Temizlik \u015eirketleri","description":"Mersin Ev Genel Temizli\u011fi E\u015fyal\u0131 Daire Koltuk \u00c7ekyat Yatak Y\u0131kama Kaliteli Hizmet \u0130\u015f Yeri Cam Silme D\u0131\u015f Cephe","robots":{"index":"index","follow":"follow","max-snippet":"max-snippet:-1","max-image-preview":"max-image-preview:large","max-video-preview":"max-video-preview:-1"},"canonical":"https:\/\/www.mersintemizlik.com.tr\/?page_id=256","og_locale":"tr_TR","og_type":"article","og_title":"Ev Genel Temizli\u011fi - Mersin Temizlik \u015eirketleri","og_description":"Mersin Ev Genel Temizli\u011fi E\u015fyal\u0131 Daire Koltuk \u00c7ekyat Yatak Y\u0131kama Kaliteli Hizmet \u0130\u015f Yeri Cam Silme D\u0131\u015f Cephe","og_url":"https:\/\/www.mersintemizlik.com.tr\/?page_id=256","og_site_name":"Mersin Temizlik \u015eirketleri","article_publisher":"https:\/\/www.facebook.com\/MersinTemizlik\/?locale=tr_TR","article_modified_time":"2026-03-21T09:21:55+00:00","og_image":[{"width":750,"height":1624,"url":"https:\/\/www.mersintemizlik.com.tr\/wp-content\/uploads\/2025\/05\/IMG_2270.png","type":"image\/png"}],"twitter_card":"summary_large_image","twitter_misc":{"Tahmini okuma s\u00fcresi":"2 dakika"},"schema":{"@context":"https:\/\/schema.org","@graph":[{"@type":"WebPage","@id":"https:\/\/www.mersintemizlik.com.tr\/?page_id=256","url":"https:\/\/www.mersintemizlik.com.tr\/?page_id=256","name":"Ev Genel Temizli\u011fi - Mersin Temizlik \u015eirketleri","isPartOf":{"@id":"https:\/\/www.mersintemizlik.com.tr\/#website"},"datePublished":"2025-07-22T20:42:49+00:00","dateModified":"2026-03-21T09:21:55+00:00","description":"Mersin Ev Genel Temizli\u011fi E\u015fyal\u0131 Daire Koltuk \u00c7ekyat Yatak Y\u0131kama Kaliteli Hizmet \u0130\u015f Yeri Cam Silme D\u0131\u015f Cephe","breadcrumb":{"@id":"https:\/\/www.mersintemizlik.com.tr\/?page_id=256#breadcrumb"},"inLanguage":"tr","potentialAction":[{"@type":"ReadAction","target":["https:\/\/www.mersintemizlik.com.tr\/?page_id=256"]}]},{"@type":"BreadcrumbList","@id":"https:\/\/www.mersintemizlik.com.tr\/?page_id=256#breadcrumb","itemListElement":[{"@type":"ListItem","position":1,"name":"Anasayfa","item":"https:\/\/www.mersintemizlik.com.tr\/"},{"@type":"ListItem","position":2,"name":"Ev Genel Temizli\u011fi"}]},{"@type":"WebSite","@id":"https:\/\/www.mersintemizlik.com.tr\/#website","url":"https:\/\/www.mersintemizlik.com.tr\/","name":"Mersin Temizlik \u015eirketleri","description":"Mersin Temizlik \u015eirketleri temizlik Uygun Fiyat Kaliteli Hizmet 0532 427 92 26","publisher":{"@id":"https:\/\/www.mersintemizlik.com.tr\/#organization"},"potentialAction":[{"@type":"SearchAction","target":{"@type":"EntryPoint","urlTemplate":"https:\/\/www.mersintemizlik.com.tr\/?s={search_term_string}"},"query-input":{"@type":"PropertyValueSpecification","valueRequired":true,"valueName":"search_term_string"}}],"inLanguage":"tr"},{"@type":"Organization","@id":"https:\/\/www.mersintemizlik.com.tr\/#organization","name":"Mersin Temizlik \u015eirketleri","url":"https:\/\/www.mersintemizlik.com.tr\/","logo":{"@type":"ImageObject","inLanguage":"tr","@id":"https:\/\/www.mersintemizlik.com.tr\/#\/schema\/logo\/image\/","url":"https:\/\/www.mersintemizlik.com.tr\/wp-content\/uploads\/2025\/05\/cropped-IMG_2270.png","contentUrl":"https:\/\/www.mersintemizlik.com.tr\/wp-content\/uploads\/2025\/05\/cropped-IMG_2270.png","width":749,"height":419,"caption":"Mersin Temizlik \u015eirketleri"},"image":{"@id":"https:\/\/www.mersintemizlik.com.tr\/#\/schema\/logo\/image\/"},"sameAs":["https:\/\/www.facebook.com\/MersinTemizlik\/?locale=tr_TR"]}]}},"_links":{"self":[{"href":"https:\/\/www.mersintemizlik.com.tr\/index.php?rest_route=\/wp\/v2\/pages\/256","targetHints":{"allow":["GET"]}}],"collection":[{"href":"https:\/\/www.mersintemizlik.com.tr\/index.php?rest_route=\/wp\/v2\/pages"}],"about":[{"href":"https:\/\/www.mersintemizlik.com.tr\/index.php?rest_route=\/wp\/v2\/types\/page"}],"author":[{"embeddable":true,"href":"https:\/\/www.mersintemizlik.com.tr\/index.php?rest_route=\/wp\/v2\/users\/1"}],"replies":[{"embeddable":true,"href":"https:\/\/www.mersintemizlik.com.tr\/index.php?rest_route=%2Fwp%2Fv2%2Fcomments&post=256"}],"version-history":[{"count":10,"href":"https:\/\/www.mersintemizlik.com.tr\/index.php?rest_route=\/wp\/v2\/pages\/256\/revisions"}],"predecessor-version":[{"id":433,"href":"https:\/\/www.mersintemizlik.com.tr\/index.php?rest_route=\/wp\/v2\/pages\/256\/revisions\/433"}],"wp:attachment":[{"href":"https:\/\/www.mersintemizlik.com.tr\/index.php?rest_route=%2Fwp%2Fv2%2Fmedia&parent=256"}],"curies":[{"name":"wp","href":"https:\/\/api.w.org\/{rel}","templated":true}]}}